inder when 51 is divided by k?
13
Suppose -x + n + 2*n = -17, -4*x = n - 107. Let c(h) = -h**2 - 17*h - 16. What is the remainder when c(-11) is divided by x?
24
Let n = 17 - 2. Suppose 7 = -4*q + 243. What is the remainder when q is divided by n?
14
What is the remainder when 513 is divided by (780/(-27))/((-2)/9)?
123
Suppose -2*q + 0 - 1 = -p, 5*p + 5*q - 50 = 0. Suppose -2*u = -1 - p. Suppose -4*l = d + 9, 2*d + 4 = l + 22. Calculate the remainder when d is divided by u.
3
Suppose 0 = 5*i + 3 + 12, -430 = -5*d + 5*i. What is the remainder when 234 is divided by d?
68
Let g = 363 + -297. What is the remainder when g is divided by 5?
1
Let t = 34 - 4. Let f(v) = 14*v - 22. Let a be f(9). Calculate the remainder when t is divided by a/(-39)*(2 - 16/2).
14
Suppose 7 + 9 = 4*v + 5*f, -2*v - f + 8 = 0. Suppose 0 = 4*s - g - 49, s = -v*g + 5 + 3. What is the remainder when 107 is divided by s?
11
Let s = -558 + 679. Calculate the remainder when s is divided by 43.
35
Let w(o) = o + 4. Let n be w(4). Let y be -31*1 - (n + -11). Calculate the remainder when (-522)/(-14) + 8/y is divided by 19.
18
Let r = -320 + 326. What is the remainder when 59 is divided by r?
5
Let o(z) = z**3 - 16*z**2 + 5*z + 29. What is the remainder when o(16) is divided by 14?
11
Let r = -10 + 10. Let o(b) = -b**3 - b**2 + 5. Let u be o(r). Suppose -380 = -u*g - 145. What is the remainder when g is divided by 12?
11
Suppose 0 = 38*m + 342 - 988. Suppose -h = 5*p - 48, h + h - 36 = -4*p. Calculate the remainder when m is divided by p.
7
Let v(x) = -5*x + 33. Calculate the remainder when 69 is divided by v(3).
15
Let d = -285 - -293. What is the remainder when 12 is divided by d?
4
Let o = 0 - -9. Suppose 3*p - 6*p + o = 0. Calculate the remainder when 21/15 - (-128)/80 is divided by p.
0
Let w = -9 + 38. Let u = w - -21. Calculate the remainder when u is divided by 18.
14
Let t = -28 - -58. Suppose 4*o = g + t + 30, -12 = -3*g. Calculate the remainder when o is divided by ((-9)/(-6))/(1/6).
7
Let d = -76 + 109. What is the remainder when ((-150)/(-10) + 47)/((-4)/(-6)) is divided by d?
27
Suppose -851 = 24*a - 4403. Calculate the remainder when a is divided by 41.
25
Suppose 3*j - 78 = 5*v, 0*v + 77 = -5*v + 2*j. Let q(r) = -r**2 - 16*r - 7. What is the remainder when 12 is divided by q(v)?
4
Let y = 2 - -68. What is the remainder when y is divided by (-200)/((-25)/5) - 4?
34
Let u = -37 - -108. Let t = -42 + u. What is the remainder when 104 is divided by t?
17
Suppose 28*x - 10 = 23*x. What is the remainder when 2015/45 - x/(-9) is divided by 23?
22
Suppose -p = -2*x + 349 - 171, 5*p + 344 = 4*x. Calculate the remainder when 325 is divided by x.
52
Suppose -5*d + 7 = -18, 35 = 2*m + 3*d. Calculate the remainder when 25 is divided by m.
5
Suppose -3*k = 0, 4*f + k + k - 64 = 0. What is the remainder when f is divided by 6?
4
Let c = -215 - -274. What is the remainder when 231 is divided by c?
54
Let r(s) = s**3 + s**2 + s + 2. Let g be r(0). Suppose p = g*u + 1, -3*u + 0*u + 9 = 2*p. What is the remainder when (u/(-2))/(1/(-98)) is divided by 25?
24
Let q be -3 + 0 - (0 - 20). Let v(m) = m**2 - 6*m + 7. What is the remainder when v(-5) is divided by 323/q + (-4)/(-2)?
20
Let i = -38 + 67. What is the remainder when (-2926)/(-35) + 2/5 is divided by i?
26
Suppose 210 + 21 = 33*r. Calculate the remainder when r is divided by 2/(-3) + 8/3.
1
Let o be -61 - (-4 - (0 - 2)). Let m = o + 101. Calculate the remainder when m is divided by (-30)/(-2) - (8 - 8).
12
Suppose -2*k + 678 = 2*f, 3*k = -0*f - f + 1021. Calculate the remainder when k is divided by 19.
18
Let z(p) = -p + 8. Let w be (0/((-15)/(-3)))/(-1). Suppose w = 5*g + x - 16, 6 = -4*x - 10. What is the remainder when g is divided by z(6)?
0
Suppose 3*m - 4*c + 6*c = 41, -5*m = -2*c - 95. What is the remainder when 79 is divided by m?
11
Calculate the remainder when 5/40 + 335/8 is divided by 15.
12
Let j = -12 + 8. Let d = j + 13. Suppose 0 = -4*l - 4*o + 32, 3*l - d = 5*l - 3*o. Calculate the remainder when 10 is divided by l.
1
Let q = 17 + -41. Let s = 76 + q. What is the remainder when s is divided by 9?
7
What is the remainder when (-3)/(-12) + 319/4 is divided by 7?
3
Let q = -14 - -30. Let g(v) = 12*v - 4. Calculate the remainder when g(4) is divided by q.
12
Suppose 948 = -5*r + 358. Let n = 21 - r. Suppose 577 = 6*f + n. What is the remainder when f is divided by 19?
16
Let i(j) = -2*j**3 - 20*j**2 - j + 16. What is the remainder when 92 is divided by i(-10)?
14
Suppose y + 3*r - 2 = -5, 4*y - 4*r = 36. Let i(u) = -u**3 + 10*u**2 - 15*u - 9. Calculate the remainder when 134 is divided by i(y).
44
Suppose 5*o + 362 = 4*h + 111, 4*h + 5*o = 261. Suppose -4*g - 77 = -5*d, -3*d - 2*g = 9 - h. What is the remainder when 65 is divided by d?
14
Let o(f) = 88*f**2 + 2*f - 1. Suppose -5*v + 32 = -83. What is the remainder when o(1) is divided by v?
20
Let q(v) be the second derivative of -9/2*v**2 + 1/3*v**3 + 5*v + 0. What is the remainder when q(11) is divided by 5?
3
Suppose -6*t + 4*t + 60 = 0. Let d = -3 + 7. Suppose 3*p = -d*x + 45, 13 = 3*p - 5*x - 5. Calculate the remainder when t is divided by p.
8
Let t = 12 - 1. Let g = t + 74. Let v = -23 + 45. What is the remainder when g is divided by v?
19
Suppose 3*t - 4*k = -63, -9 = 3*k - 0*k. Let w = 28 + t. Suppose 0 = -o + 19 - 7. What is the remainder when o is divided by w?
0
Suppose 2*u - 25 = -f, 6*u - 5*u = -f + 15. Calculate the remainder when 29 is divided by u.
9
Suppose -5*v - 12 = -o, v + 33 + 36 = 2*o. What is the remainder when 127 is divided by o?
16
Suppose a - 16 - 45 = 0. Let s(z) = -2*z**3 - 17*z**2 - 10*z + 6. Calculate the remainder when a is divided by s(-8).
17
Let h be 1/3 - (-552)/(-9). Suppose -5*o - 12*u + 9*u - 99 = 0, 3*o = 2*u - 48. Let r = o - h. What is the remainder when r is divided by 11?
10
Let s(n) = n**2 - 3*n + 2. Suppose 521 = 22*c - 777. Calculate the remainder when c is divided by s(6).
19
Let w = 972 + -925. What is the remainder when w is divided by 17?
13
Let v(q) be the second derivative of q**4/12 + q**3 + 7*q**2 + 2*q. What is the remainder when 24 is divided by v(-6)?
10
Let z = -79 + 76. Calculate the remainder when (93/4)/(z + 54/16) is divided by 13.
10
Let q = 59 - 37. Suppose 0 = -3*u - 2*w + q, 0*w - 6 = -3*w. Calculate the remainder when 40 is divided by u.
4
Let u be 4 - 1*4/2. Suppose -u*n + 33 = n. What is the remainder when 6/51 - (-695)/17 is divided by n?
8
Let p(f) = 0*f**2 - 4*f - 6*f + 19*f + f**2 + 5. Let h be p(-5). Let y = -4 - h. Calculate the remainder when 31 is divided by y.
9
Let z = 38 - 36. Calculate the remainder when 42 is divided by ((-92)/12)/(z/(-6)).
19
Let z(i) = i + 7. Let y be z(-8). Calculate the remainder when 17 is divided by (-4)/((-1)/(1/y)*-1).
1
Suppose -5 - 11 = -i + 4*v, 12 = -5*i - 3*v. Suppose 2*f = -5*z - i*z + 84, f - z = 35. Let c = -24 + f. Calculate the remainder when 63 is divided by c.
11
Suppose 2*x - 3*r - 36 = 0, -2*r = 2*x + r - 60. What is the remainder when 141 + (-3 - 0)/(-3) is divided by x?
22
Suppose -4*d - 6 = 2. Let w = 3 + -1. Calculate the remainder when 35/5 - (-1 - d) is divided by w.
0
Suppose 25 = 9*h - 11. Suppose h*l - 10 = -s, 2*l + 0*s + s - 4 = 0. Calculate the remainder when 5 is divided by l.
2
Let l(c) be the third derivative of -5*c**4/8 + 19*c**3/6 - 2*c**2. Let w be l(-16). Suppose 4*h = -3*h + w. What is the remainder when h is divided by 20?
17
Suppose -4*t - 2*m + 42 = 0, -t + 0*t = 5*m - 24. Suppose -2*j = -2*g + 22, 7*j + 4 = -g + 11*j. Calculate the remainder when g is divided by t.
7
Suppose -25*k + 28*k + 33 = 0. Let o(p) = -p + 13. Calculate the remainder when 58 is divided by o(k).
10
Suppose 2*b = -2*v + 10, -4*v - 3*b = -7 - 10. Suppose -5*a = -v*m + m + 63, -2*a = -5*m + 384. What is the remainder when m is divided by 28?
22
Let d = -801 + 810. Suppose 3*v + 5*u - 15 = -2*v, 5*v - 15 = 5*u. Suppose v*x - 5*g + 6 = 2*x, -4*g + 8 = 0. What is the remainder when d is divided by x?
1
What is the remainder when ((-130)/35)/((-6)/42) is divided by -3 - (-2 - 0) - -8?
5
Let n = -235 - -281. Calculate the remainder when 136 is divided by n.
44
Suppose 20*s - 23*s = -105. Let z = -28 + s. Let b(o) = o**2 - 3*o + 5. What is the rema